 39.
24
Suppose -107*l + 2*k - 270 = -109*l, 249 = 2*l - k. Calculate the remainder when 37247 is divided by l.
127
Let u(v) be the second derivative of v**5/20 - v**4/6 + 2*v**3/3 - 4*v - 1. What is the remainder when u(2) is divided by 7?
1
Let c(j) = -2*j - 41. Let u be c(-12). Let l(y) = -5*y - 43. Let d be l(u). Suppose -133 = -i - d. Calculate the remainder when i is divided by 31.
29
Let f(k) = k + 56. Let y be f(20). Let s = 129 - y. Let g(t) = 103*t**3 + 2*t**2 - 2. Calculate the remainder when g(1) is divided by s.
50
Let j = -808 - -822. Suppose f + 0*f = 26. Calculate the remainder when f is divided by j.
12
Let c(o) = 3*o**3 - 62*o**2 + 320*o + 3. Suppose 5*k - 40 - 45 = 0. Calculate the remainder when c(9) is divided by k.
14
Suppose w + 3*w = 28. Suppose -7 = -t - 5. Suppose 0*v - 13 = -v - 2*b, v = t*b + 13. What is the remainder when v is divided by w?
6
Suppose 0 = 6*t + 437 + 1633. What is the remainder when 14 is divided by 0 + 2/(-6) + (-2875)/t?
6
Let j(s) = 6*s - 67. Let w be j(15). Suppose -2*l + 69 = -w. Calculate the remainder when 84 is divided by l.
38
Let z(t) = t**3 + 5*t**2 - 21*t - 51. What is the remainder when 2372 is divided by z(-6)?
32
Let o(i) = i**3 + 20*i**2 + 29*i - 103. Suppose -53 = -2*m + 71. Calculate the remainder when m is divided by o(-18).
16
Suppose 5*q + 3*j = 44, -2*j + 48 - 14 = 4*q. Let l be (2/(-4))/((-4)/(-1 - q)). Let k(n) = 180*n**2 + n + 3. What is the remainder when k(l) is divided by 46?
44
Suppose -9*k - 1735 = -8026. What is the remainder when k is divided by 35?
34
Let h(i) = -207 + 6*i + i**3 + 0*i + 52 - 11*i**2 + 110. What is the remainder when 124 is divided by h(11)?
19
What is the remainder when 744 is divided by (1054 - -11)*5/(-15)*-1?
34
Let y(f) = 2*f**2 + 1. Let c = -5 + 9. What is the remainder when y(c) is divided by ((-5)/(-2))/(-1)*(-56336)/10060?
5
Let z = 117 - 14. Let v(x) = -88 - 170 + 131 - 20*x. Calculate the remainder when z is divided by v(-7).
12
Suppose -4*n + 3*n - 123 = 2*y, -2*y + 522 = -4*n. Let c = -61 - n. Suppose -c*q = -70*q + 46. What is the remainder when 45 is divided by q?
22
Let j be 11 + 45 + 2 + -1. Let d = j - 53. Suppose -2*s + 6*s = 56. Calculate the remainder when s is divided by d.
2
Let j = -389 + 638. Let r = j - 227. What is the remainder when r is divided by (-182)/(-28)*2*1?
9
Let d(y) = -y**3 + 8*y**2 - 62. What is the remainder when 45 is divided by d(5)?
6
Suppose 11*l - 25653 = -10759. Calculate the remainder when l is divided by 170.
164
Suppose -31*l + l + 42880 = 104*l. What is the remainder when l is divided by 84?
68
Let v(x) = 8*x**2 + 33*x - 282. What is the remainder when v(-62) is divided by 217?
214
Let b = -19 + 56. Suppose -150 = 6*a - 4026. Suppose -2*s + a = 32*s. What is the remainder when b is divided by s?
18
Let w(p) = 2325*p**2 + 316*p - 317. Calculate the remainder when w(1) is divided by 13.
10
Let c = -926 - -1291. What is the remainder when c is divided by 120?
5
Let f be (-665)/(-380) + 7/(-4). Let p(h) = -2*h - 1. Let x be p(-2). Suppose f = 4*i + x*i - 56. Calculate the remainder when 53 is divided by i.
5
Let r = 35 + -18. Let w(b) be the second derivative of b**5/20 + b**4/2 + 3*b**2 - 4*b. Calculate the remainder when w(-3) is divided by r.
16
Let a(z) = 8*z**2 + 28*z - 314. Calculate the remainder when 815 is divided by a(6).
105
Suppose a - 265 + 22 = 4*v, -2*a = -4*v - 466. What is the remainder when a is divided by 55?
3
Calculate the remainder when 2632 is divided by (15/(-7))/((-28)/(-49))*(-24500)/105.
7
Let n = 4334 + -1045. What is the remainder when n is divided by 7?
6
Let w = -61 + 63. Suppose -2*j + 5*z = w*z + 18, -z - 38 = 3*j. Let t(y) = y**2 + 12*y + 7. Calculate the remainder when 116 is divided by t(j).
4
Let m = 209051 - 209033. Calculate the remainder when 69 + -4 + -1 + 3 is divided by m.
13
Suppose -5*t - 3*x = -t - 72, 4*t = 2*x + 52. Calculate the remainder when (-1 - -6*(-2)/(-4))*275/22 is divided by t.
10
Let l(w) = -8*w - 10. Let s be l(12). Calculate the remainder when 130 is divided by 6/27 - s/9.
10
Let l(r) = -r**3 - 5*r**2 - 7*r - 1. Let b be l(-3). Suppose -7*y - 10 = -b*y. Calculate the remainder when 55 is divided by y/(-15)*9*640/48.
7
Let z be (8/(-3))/((-8)/60). Suppose 2*b + z = 7*b. Let x = -2830 + 2836. Calculate the remainder when x is divided by b.
2
Let h(d) = 177*d**2 - 138*d. Calculate the remainder when 48/5*(-1)/(2/(-30)) is divided by h(1).
27
Let x = -790 + 1112. Calculate the remainder when 389 is divided by (3*-1)/((-138)/x).
4
Suppose -8*q - q + 9 = 0. Calculate the remainder when 4/(16/99) - q/(-4) is divided by 9.
7
Let h(m) = 3*m**2 + m + 39. What is the remainder when 99 is divided by h(0)?
21
Suppose -45 = 20*l - 145. Suppose -l*p + 34169 = 42*p. What is the remainder when p is divided by 91?
90
Suppose 89*o = 2702 + 26134. Calculate the remainder when o is divided by 167.
157
Suppose 25 = -3*o + 115. Let l be -1 + (-638)/(-12) + (-21)/126. Suppose 47*n - l*n = -580. Calculate the remainder when n is divided by o.
26
Suppose -9*r + 10*r = 6. Suppose k = -2*q + 14, -r*q + 15 = -q. Let x = -20 + 42. What is the remainder when x is divided by k?
6
Suppose -19 = -6*q + 5. Suppose 0 = -q*i + i. Suppose 4*y - 3*d + d - 32 = i, -4*d = 5*y - 53. What is the remainder when y is divided by 5?
4
Suppose -22*g + 986 = -1038. What is the remainder when g is divided by 27?
11
Let r = 1069 + -1028. What is the remainder when 96 is divided by r?
14
Suppose 0 = 5*p - 34*c + 32*c - 324, -4*c + 144 = 2*p. Calculate the remainder when 294 is divided by p.
30
Suppose 27 + 5 = k + 3*r, 2*k + r = 44. Let j(z) = -3*z - 5 + z**2 + 3 + 0*z**2 - 2. What is the remainder when j(-5) is divided by k?
16
Suppose -48*i = -54*i + 390. Suppose -i + 105 = m. Calculate the remainder when m is divided by 21.
19
Suppose -2*d + 2 = -4*w + 3*d, 0 = 2*d - 4. Suppose w*u = 5*b + 218, -3*b = 4*u + b - 380. Let p = u - 75. Calculate the remainder when 44 is divided by p.
20
Suppose n = 5*i + 1233, 150*n - 146*n - 4913 = i. Calculate the remainder when n is divided by 21.
10
Suppose -12*g + 303658 = 250*g. What is the remainder when g is divided by 250?
159
Let s be (143/22)/((-2)/4). Calculate the remainder when s/((-26)/510) + -2 is divided by 65.
58
Let n be (26/(-4))/(32/(-448)). Let s = 123 - n. Suppose 4*y - 5*u = 509, 0*u - 3*u + 501 = 4*y. What is the remainder when y is divided by s?
30
Let l(i) = i**3 + 34*i**2 + 60*i - 81. Let q be l(-32). Suppose 0 = -q*u + 84*u - 3145. Calculate the remainder when u is divided by (-11)/(-1*1/2).
19
Let j(m) = -3 + 26 - 19*m + 5*m. Let c be (-76)/608 + 1 + 31/(-8) + -2. Calculate the remainder when j(c) is divided by 12.
9
Let q(z) = -7*z**2 + 13*z + 8. Let x be (-190)/(-57)*(-12)/(-10) + -2. Let l = 148 + -97. What is the remainder when l is divided by q(x)?
3
Let j(k) = -5*k**2 - 147*k + 192. Calculate the remainder when j(-25) is divided by 192.
166
Calculate the remainder when ((-7)/(-14))/(2/(-72)*-6) - -9084 is divided by 142.
141
Suppose 0 = -19*m + 8*m - 22. Let q be 1/((-5)/(470/m)). Suppose 13 = g - q. Calculate the remainder when g is divided by 21.
18
Let f(a) = -41*a + 6. Let m be f(5). Let s = -117 - m. Suppose 3*b - 8*b - 3*j = -117, 88 = 4*b + j. Calculate the remainder when s is divided by b.
19
Suppose -3*g + 60 = -14*r + 10*r, 0 = -5*g + 3*r + 89. Calculate the remainder when 619 is divided by g.
11
Let j(z) = z**2 + 5*z - 4. Let h be j(-8). Let q be (-9)/((-45)/h) + 60. Let t = -42 + q. What is the remainder when t is divided by 14?
8
Suppose x = 3*x + 6. Suppose 404 = 26*t + 326. Calculate the remainder when 910/63*t - 2/x is divided by 24.
20
Let w(z) = 2*z**3 - z**2 - 6*z + 7. Let l be w(6). Let y = -335 + l. Calculate the remainder when 125 is divided by y.
29
Let h(l) = l - 2. Let w(v) = -9*v + 102. Let m(n) = 5*h(n) + w(n). What is the remainder when m(22) is divided by 3?
1
Let n be (3 + -3)*3*1/6. Calculate the remainder when -4 + 0 - (-2 + n + -271) is divided by 15.
14
Let l = 4827 - 4776. What is the remainder when 450 is divided by l?
42
Let h(u) = -u**3 - 6*u**2 - 6*u + 9. Let v be h(-4). Calculate the remainder when 76 is divided by 3133/143 - v/(-11).
10
Let n(c) = -c**2 + 14*c - 4. Let t be n(6). Su